uate -11557 - -11557 - (49 - 1).
-48
Calculate (-17 - -10) + (-2 - (30 + 0)) + -3 - 5.
-47
-61 + (-3 + -5 - (-10 + 16 - 7 - 10))
-58
-18 + (-3 - -16 - 25) + 17 + -4 + -5
-22
4 + 0 - 13 - (-146 + 0 - (-49 + 38))
126
Calculate 0 - 8 - ((-41 - -10) + 78).
-55
82 + 37 + -53 - 51
15
-1 - 25 - (-27 + (-42 - -84))
-41
Calculate 283 + 29 - 335 - (-19 + -1).
-3
What is the value of 21 + (-26 - (-39 - -24)) - 20?
-10
Evaluate 2 + -2 + (24 + -73 + 9 - 5).
-45
What is -9 + (4 - -35) - 101 - (10 - (5 - 2))?
-78
25 + -11 - 6 - (-29 + 28 - (2 + -51))
-40
Calculate (21 + -72 - 29 - 1) + 10 + -7.
-78
1568 + -1593 + (66 - (-3 + -1))
45
(-10 - (-7 + 22)) + (5 - (10 + -7))
-23
What is the value of 50 - (45 + -39) - 22?
22
Evaluate (0 - 27) + (120 - (268 + -119)).
-56
17 + 1 + 3 + 0 + 7 + 1
29
What is the value of 0 + -9 + 5 + (-7 - 36)?
-47
What is the value of (-2 + -4 + -9 - -5 - -8) + (-39 - 0)?
-41
What is the value of (-30 - -14) + 45 + -34 - 23?
-28
-54 - ((32 - 4) + -128)
46
Calculate (-1 - 0) + 14 - (-69 - -271 - 273) - 12.
72
What is 15 - (3 + -25 + 3 - (-550 - -544))?
28
What is the value of 31 - ((2 - 3) + -20 + 61)?
-9
Evaluate -83 + 1 + (64 - -5) + -92.
-105
What is (18 - -32 - 42) + (0 + -1 + 9 - -1)?
17
What is the value of 3 + 12 + (8 - 13 - -16) + -10 + 100?
116
Calculate -101 + 0 + (1700 - 1516).
83
What is the value of 77 - (90 - (-16 + 104))?
75
Calculate -7 + -23 + 10 + 120 - 23.
77
Calculate -12 + 1 + (-10 - 2 - -29 - (18 - -34)).
-46
What is (-18 - -10) + 18 + -3 + 7?
14
Calculate (61 - 30) + -100 + 131.
62
What is the value of (45 - 119) + (1 - -13) + (3 - -11)?
-46
What is -6 - (-24 + (-27 - 4))?
49
What is (-572 - -586 - ((1 - -2 - 1) + -37)) + -1?
48
What is 3 + (-80 + (16 - (-3 + 6)) - -3)?
-61
Evaluate -12 - (0 - 0) - (-1984 - -1987) - -59.
44
What is the value of 5 + 13 + -594 + 589?
13
Evaluate 71 + -82 - (1 - -5).
-17
What is 74 - (78 + -85 + 5)?
76
What is 39 - (13 - 9) - 0?
35
2 - -78 - (-312 + 341)
51
25 - (36 + -36 - -38 - -4)
-17
Evaluate -1203 + 1004 - (-2 + -71).
-126
0 + 1 + (21 + -2 - -5 - 79) + 2
-52
-27 - (-2 - 8 - (11 - 19 - (6 - 6)))
-25
(-1 + -1 + (-12 - -64) - (67 + -60)) + -5
38
3 - (-4 + (-8 - 24) - -22)
17
33 + -125 + -116 + 110
-98
Calculate -45 + (1 - -95) - 80.
-29
Evaluate -7 - 2 - (383 - 401).
9
61 + (-61 - (23 - 62))
39
What is the value of -41 - (-12 + 3 - 51)?
19
What is the value of -8 - (5 + -11 - 53)?
51
Evaluate -14 - (-19 + (0 - -7) + 3 - -16 - 6).
-15
Calculate 3 - 66 - (5 - (-5 + 18 + -20)).
-75
What is the value of (447 - 461) + -2 + 0 + 31?
15
Calculate 118 + 12 + (7 + 0 - (-87 - -102)) - -4.
126
52 - (39 + (-45 - 27))
85
What is -200 + 130 + 80 - (73 - (0 + (1 - 3)))?
-65
Evaluate 393 + -400 - (-8 - 4).
5
What is 90 + 87 + -125 + -49?
3
What is the value of (0 - 75) + (6982 - 6940)?
-33
Evaluate (-4 + -10 - -8 - (215 - 141)) + -19.
-99
What is the value of -22 - (9 + -11) - -21 - -41?
42
What is (-14 + 14 + 7 - -5) + 6?
18
(2 + (6 - 8) - -7) + 74 + (47 - 44)
84
What is the value of -28 + (-35 - -10 - (22 + -41))?
-34
Evaluate -2 - -18 - (4162 + -4077).
-69
What is -2 + -22 + 26 + 8 + (-1 - -42)?
51
What is the value of 1 - (-9 + (-20 - -29) + -22)?
23
Evaluate (-2 + -3 - -3) + -1 - (79 - 63).
-19
What is -151 - -34 - (0 + 6 + -1 + (-34 - -27))?
-115
Evaluate -2 + 4 - -3 - (-11 + 51 + (-57 - -84)).
-62
What is -1 - (0 + -8 + -5) - (49 + -1)?
-36
What is (2 - 19) + (21 - (42 - 9 - 26))?
-3
Calculate 119 + -208 + 117 - (-1 - 14).
43
Evaluate 14 - (-29 + 75 - -11).
-43
Calculate (-13 + (-13 - -3) - (25 - -36)) + -17.
-101
Calculate -6 - (-25 + (13 - 31) + 75).
-38
What is -6 + (-1 - 1) + -6 - (-242 + 244)?
-16
What is the value of 42 - (-79 - -14) - (29 - 1)?
79
What is the value of -25113 + 25147 + 4 + -1 + 1?
38
(-7 - -34) + (-1 - -1 - (-85 - -91))
21
Evaluate -115 + (343 - 129) + -47.
52
What is the value of 75 - (0 + -2 + -3) - (100 + -95) - -1?
76
Evaluate -16 - 0 - -4 - -31 - (16 - 3).
6
Evaluate -461 - -471 - (-3 + (2 - -6)).
5
24 + -11 + (-133 - -146) + -8
18
What is the value of (0 - (-3 + 0) - 0) + -30 + 77 + -126?
-76
What is the value of -6 - -5 - 52 - (-40 + (6 - -41))?
-60
-22 + 81 + 8 + -9 + (-3 - -3 - 0)
58
(298 - 287 - (1 + -16)) + -90
-64
What is -88 - (197 + -100 - 129)?
-56
Evaluate (7 + 14 + -2 - 15) + 16.
20
Calculate (-5 - (-7 + (20 - 10))) + 52.
44
Calculate 11 - ((69 - 51) + 45).
-52
What is 9 - ((-8 + (-9 - (9 - 19)) - -7) + -7)?
16
What is the value of -18 + (-4 + 22 + -18 - 5)?
-23
What is the value of (-31 - (8 + 3)) + 54?
12
Evaluate -1 + -13 - (54 + (81 - 148)).
-1
What is the value of (-29 - -24) + (19 - 5) + 36?
45
What is the value of 39 + 30 - 107 - -13?
-25
Calculate 8 - ((-7 - (-11 - 10 - 6)) + (-14 - -1)).
1
-64 + 9 + (-6 - (-18 + -7))
-36
Evaluate 1 + 16 - (14 - (4 - (14 + -39)) - -13).
19
What is -1 - (29 + -27) - (4 - (-2 + 41))?
32
67 - 116 - (2 - (-1 + 4 + 2))
-46
What is the value of -8 - (12 + (-8 - -6 - 2 - 51))?
35
What is the value of ((16 - 14) + 3 - (21 + -32)) + -106?
-90
What is the value of -12 - (3 + -1 + (-13 - 28) + 54)?
-27
What is 94 + -170 - (-12 + -12)?
-52
Calculate -5 + -5 + -5 - (2 - -8).
-25
What is -21 + ((-27 + 11 - -9) + 19 - 21)?
-30
Evaluate (-6 + 0 - (122 + -209)) + (14 - (2 + -1)).
94
What is the value of (3 - 9) + (-162 - -166) + (0 - -43)?
41
What is (-89 - (-60 - -38)) + 188?
121
What is (1 - 8) + 20 + -2 + (36 - 35)?
12
Calculate (-76 - ((-27 - -60) + -69)) + 15.
-25
Evaluate (-20 - (18 + -53 - -15)) + -2 + -2.
-4
145 - (-14 + (173 - 99))
85
What is the value of -45 - -2 - ((3 + -14 - (1 - 2)) + 5)?
-38
-82 - (27 + 54 + -185)
22
What is the value of -124 + (-38 - (-55 + (34 - 44)))?
-97
Calculate 58 - 9 - 41 - (-1 + 2 + -8 + 0).
15
Evaluate 10 - -8 - (258 + -296).
56
Evaluate (30 - -1) + (9 + -82 - -50).
8
What is 3728 - 3639 - (3 - -172)?
-86
Evaluate -73 - -33 - -35 - 18 - 34.
-57
-72 + 38 - -31 - -33 - -61
91
Evaluate -14 - ((14 - (-21 - -18)) + -2 + -8).
-21
(-13 - 2 - (-189 - -154)) + 35
55
What is (258 - (-107 + 354)) + -1 + 7 + -1?
16
What is the value of -150 + 15 + 110 + -5?
-30
11 + -3 + 2 + 61 + 29 + -48
52
What is 2 + -88 + 52 + 57?
23
Evaluate (-42 - (-93 - -98)) + (66 - -4).
23
Calculate 22 + -74 + -69 + 55.
-66
Calculate -12 + (-3 + -3 - -34) - (-5 - 0).
21
Evaluate -46 - ((-7 - 55) + 3).
13
What is the value of (-156 - -159) + 3 + (-11 - 4) + -8 - -10?
-7
Evaluate 1354 + -1283 - (-1 + 47).
25
What is the value of (-1 - 43) + (-208 - -202)?
-50
Evaluate 38 + -12 - ((-338 - -346) + (-1 - (0 - 0))).
19
22 + -38 - (-10 + (-39 - -2) + 1)
30
Evaluate (26 + 7 - (-11 - -48)) + (0 - 1 - -35).
30
Calculate 120 + -194 - (25 - 89).
-10
(58 + -33 + -74 - -40) + -95 + 2 + -1
-103
What is 1 + (-22 - -33 - 26) + -5?
-19
What is the value of -17 - (39 - 9 - 10)?
-37
-306 + 151 - -234 - -64
143
What is the value of (-51 - -39 - (-9 + -2) - (-4 - -2)) + 15?
16
Evaluate (5 - (-4 - (-55 - -55 - (2 + 8)))) + 79.
78
30 + (2 - 0) - (-15 + 17 + -14)
44
What is the value of -14 + (11 - 6) + -25 + 7 + (59 - -108)?
140
(13 - 17) + 74 - (6 + -4 + 8)
60
What is the value of -21 - (-29 + 20 - (4 - 8 - 11))?
-27
-70 + -28 + (-4 - 6 - -12 - 10)
-106
74 + -71 + -70 - -33
-34
What is (-170 - -412) + -284 + (0 - 0 - 5)?
-47
What is 50 - (2 + (2 - (13 - 10))) - 11?
38
What is 2 + (-19 - (23 - 6 - 10 - 65))?
41
What is -24 + (-19 - (-41 + (-29 - (-17 + -7))))?
3
Evaluate 23 + ((-3 - 7) + 29 - 96).
-54
Evaluate 1 + -2 + -6 + -3 - (-14 + 90 + -25).
-61
What is the value of (-31 - -75) + (-5 - 61)?
-22
What is (8 + -22 - 3) + -93 + 146?
36
Evaluate 25 + -3 + -4 - 45.
-27
Calculate (14 - 32) + -15 + (-1 - -4 - (-27 - -24)).
-27
-84 - (23 - (12 + (-33 - -22 - -4)))
-102
Calculate -3 + (-27 - (17 + -30)) + -81.
-98
What is the value of -9 + (-125 - -116 - (2 - 0)) + (5 - 25)?
-40
(-72 - -42 - -30) + -31 - 7
-38
What is -46 + 35 + 12 + (50 - (0 - -3))?
48
Calculate 31 + -8 - -1 - (70 + 9).
-55
Evaluate 9 + 2 - ((1 - -1 - 9) + (-249 - -341)).
-74
What is (9 - (5 - 4)) + -8 + (-53 - -161)?
108
Calculate 20 - (11 - (5 + -18 - -18 - (4 - 0))).
10
(11 - (2 - (2 + -2))) + -56 + (90 - 38)
5
What is 47 + (6 - 7) - (-18 + 10 + 17)?
37
Calculate (-105 - -163) + -14 + -56.
-12
What is the value of -50 + 55 + -22 + 56 + 4 + 6?
49
What is the value of (2 - 8) + (